actors of 140960?
2, 5, 881
List the prime factors of 642036.
2, 3, 53503
What are the prime factors of 150250?
2, 5, 601
What are the prime factors of 472935?
3, 5, 41, 769
What are the prime factors of 137651?
179, 769
What are the prime factors of 83213?
13, 37, 173
What are the prime factors of 219043?
11, 19913
What are the prime factors of 352477?
41, 8597
List the prime factors of 106366.
2, 13, 4091
What are the prime factors of 165376?
2, 17, 19
What are the prime factors of 231951?
3, 77317
What are the prime factors of 991634?
2, 7, 193, 367
List the prime factors of 34738035.
3, 5, 89, 26021
What are the prime factors of 2706956?
2, 7, 1973
List the prime factors of 2121724.
2, 11, 48221
List the prime factors of 460514.
2, 230257
List the prime factors of 180819.
3, 37, 181
List the prime factors of 144755.
5, 13, 17, 131
What are the prime factors of 220426?
2, 307, 359
What are the prime factors of 86758?
2, 7, 6197
List the prime factors of 10481197.
17, 397, 1553
List the prime factors of 2436997.
19, 47, 2729
What are the prime factors of 593431?
307, 1933
What are the prime factors of 6596606?
2, 653, 5051
What are the prime factors of 20429648?
2, 17, 75109
List the prime factors of 2072185.
5, 23, 37, 487
List the prime factors of 151856.
2, 9491
What are the prime factors of 47170?
2, 5, 53, 89
List the prime factors of 869761.
43, 113, 179
List the prime factors of 14553429.
3, 11, 53, 157
What are the prime factors of 20284130?
2, 5, 2028413
List the prime factors of 341196.
2, 3, 28433
List the prime factors of 8307865.
5, 223, 7451
List the prime factors of 18468865.
5, 3693773
What are the prime factors of 2999154?
2, 3, 23, 103, 211
What are the prime factors of 187845?
3, 5, 7, 1789
List the prime factors of 7615369.
23, 467, 709
What are the prime factors of 245558?
2, 59, 2081
List the prime factors of 14569964.
2, 3642491
List the prime factors of 5489090.
2, 5, 548909
List the prime factors of 286553.
286553
What are the prime factors of 7821839?
857, 9127
What are the prime factors of 487674?
2, 3, 11, 821
List the prime factors of 4730292.
2, 3, 7, 6257
What are the prime factors of 2165721?
3, 37, 109, 179
What are the prime factors of 2945456?
2, 19, 9689
What are the prime factors of 2651862?
2, 3, 151, 2927
What are the prime factors of 120679?
13, 9283
List the prime factors of 188725.
5, 7549
What are the prime factors of 269589?
3, 73, 1231
What are the prime factors of 238973?
7, 4877
What are the prime factors of 308055?
3, 5, 11, 1867
What are the prime factors of 9543098?
2, 4771549
What are the prime factors of 1987514?
2, 19, 193, 271
List the prime factors of 14908093.
14908093
What are the prime factors of 46669?
7, 59, 113
What are the prime factors of 1531785?
3, 5, 17, 6007
List the prime factors of 156397.
29, 5393
What are the prime factors of 7449787?
7449787
What are the prime factors of 13135457?
41, 320377
What are the prime factors of 5381?
5381
What are the prime factors of 2206980?
2, 3, 5, 61, 67
What are the prime factors of 16246?
2, 8123
List the prime factors of 370356.
2, 3, 7, 4409
What are the prime factors of 26887552?
2, 23, 9133
What are the prime factors of 946549?
946549
What are the prime factors of 153566?
2, 7, 1567
List the prime factors of 13186503.
3, 11, 29, 1531
List the prime factors of 6674815.
5, 7, 190709
List the prime factors of 10783396.
2, 13, 131, 1583
What are the prime factors of 896929?
11, 67, 1217
List the prime factors of 194071.
194071
What are the prime factors of 1503838?
2, 7, 163, 659
List the prime factors of 2562522.
2, 3, 23, 31, 599
List the prime factors of 11006820.
2, 3, 5, 11, 17, 109
List the prime factors of 60542.
2, 30271
List the prime factors of 262115.
5, 7, 7489
What are the prime factors of 21056006?
2, 31, 339613
List the prime factors of 4416534.
2, 3, 131, 1873
What are the prime factors of 17840461?
17840461
What are the prime factors of 42056?
2, 7, 751
List the prime factors of 162146.
2, 17, 19, 251
List the prime factors of 913522.
2, 73, 6257
What are the prime factors of 7502715?
3, 5, 11, 23, 659
List the prime factors of 2422363.
59, 41057
List the prime factors of 195894.
2, 3, 10883
What are the prime factors of 862018?
2, 283, 1523
What are the prime factors of 316061?
113, 2797
What are the prime factors of 365611?
365611
What are the prime factors of 11454364?
2, 2863591
List the prime factors of 2049294.
2, 3, 13, 43, 47
What are the prime factors of 129231?
3, 83, 173
List the prime factors of 652590.
2, 3, 5, 2417
List the prime factors of 4015097.
599, 6703
List the prime factors of 474710.
2, 5, 37, 1283
List the prime factors of 2638122.
2, 3, 439687
List the prime factors of 458370.
2, 3, 5, 11, 463
What are the prime factors of 139483?
139483
List the prime factors of 2252086.
2, 1126043
List the prime factors of 13992280.
2, 5, 23, 67, 227
What are the prime factors of 3458179?
3458179
List the prime factors of 113692.
2, 43, 661
What are the prime factors of 3520908?
2, 3, 10867
What are the prime factors of 2336351?
347, 6733
What are the prime factors of 6314235?
3, 5, 31, 37, 367
List the prime factors of 163375.
5, 1307
List the prime factors of 7184288.
2, 347, 647
List the prime factors of 372795.
3, 5, 29, 857
List the prime factors of 769049.
89, 8641
List the prime factors of 39193.
7, 11, 509
What are the prime factors of 13612340?
2, 5, 7, 97231
What are the prime factors of 7407832?
2, 925979
List the prime factors of 811902.
2, 3, 7, 13, 1487
List the prime factors of 2106819.
3, 11, 13, 1637
List the prime factors of 605452.
2, 23, 6581
List the prime factors of 539121.
3, 11, 17, 31
What are the prime factors of 4650224?
2, 509, 571
What are the prime factors of 195464?
2, 53, 461
List the prime factors of 2822109.
3, 940703
What are the prime factors of 956553?
3, 13, 24527
List the prime factors of 628833.
3, 263, 797
List the prime factors of 504015.
3, 5, 33601
List the prime factors of 7546878.
2, 3, 17, 8221
List the prime factors of 2263818.
2, 3, 307, 1229
What are the prime factors of 521558?
2, 79, 3301
List the prime factors of 2113489.
7, 301927
What are the prime factors of 721942?
2, 13, 27767
What are the prime factors of 25935135?
3, 5, 29, 59621
List the prime factors of 3973124.
2, 107, 9283
List the prime factors of 12453224.
2, 7, 222379
What are the prime factors of 1166063?
103, 11321
List the prime factors of 5761102.
2, 31, 92921
List the prime factors of 184763.
73, 2531
What are the prime factors of 71096?
2, 8887
What are the prime factors of 290005?
5, 31, 1871
What are the prime factors of 62953?
11, 59, 97
List the prime factors of 1467551.
1049, 1399
List the prime factors of 255049.
255049
List the prime factors of 726097.
726097
List the prime factors of 62289.
3, 769
What are the prime factors of 2666577?
3, 373, 2383
List the prime factors of 289519.
43, 6733
List the prime factors of 1393948.
2, 348487
List the prime factors of 2441176.
2, 305147
List the prime factors of 15404209.
89, 173081
List the prime factors of 602945.
5, 7, 23, 107
List the prime factors of 484439.
484439
What are the prime factors of 1220784?
2, 3, 29, 877
What are the prime factors of 740798?
2, 370399
What are the prime factors of 312876?
2, 3, 2897
What are the prime factors of 35082?
2, 3, 1949
What are the prime factors of 180377?
61, 2957
What are the prime factors of 311029?
23, 13523
What are the prime factors of 22724688?
2, 3, 7, 47, 1439
What are the prime factors of 100624?
2, 19, 331
List the prime factors of 342112.
2, 10691
What are the prime factors of 581174?
2, 11, 26417
List the prime factors of 830426.
2, 415213
List the prime factors of 596722.
2, 7, 6089
List the prime factors of 10894.
2, 13, 419
What are the prime factors of 2837659?
11, 61, 4229
List the prime factors of 15643.
15643
What are the prime factors of 1783950?
2, 3, 5, 7, 1699
List the prime factors of 6887936.
2, 11, 1223
What are the prime factors of 873881?
67, 13043
List the prime factors of 69466.
2, 47, 739
What are the prime factors of 73717?
7, 10531
What are the prime factors of 31580941?
7, 577, 1117
What are the prime factors of 345055?
5, 69011
What are the prime factors